{"id":37620,"date":"2026-03-22T10:44:56","date_gmt":"2026-03-22T09:44:56","guid":{"rendered":"https:\/\/hejtoff.pl\/?post_type=product&#038;p=37620"},"modified":"2026-03-22T12:41:44","modified_gmt":"2026-03-22T11:41:44","slug":"workoplecak","status":"publish","type":"product","link":"http:\/\/hejtoff.pl\/index.php\/product\/workoplecak\/","title":{"rendered":"Workoplecak"},"content":{"rendered":"<p data-start=\"74\" data-end=\"95\"><strong data-start=\"74\" data-end=\"95\">Plecak \u201ehejt OFF\u201d<\/strong><\/p>\n<p data-start=\"97\" data-end=\"162\">Lekki, prosty, bez miejsca na rzeczy, kt\u00f3re nic nie wnosz\u0105.<\/p>\n<p data-start=\"164\" data-end=\"226\">Bo nie wszystko warto ze sob\u0105 nosi\u0107.<br data-start=\"200\" data-end=\"203\" \/>Zw\u0142aszcza cudze emocje.<\/p>\n<p data-start=\"233\" data-end=\"321\">Ka\u017cdego dnia co\u015b pr\u00f3bujesz zabra\u0107 ze sob\u0105:<br data-start=\"275\" data-end=\"278\" \/>opinie, komentarze, zaczepki, \u201edobre rady\u201d.<\/p>\n<p data-start=\"323\" data-end=\"346\">Pytanie brzmi: po co?<\/p>\n<p data-start=\"353\" data-end=\"472\">\u2714\ufe0f Nie d\u017awigasz hejtu<br data-start=\"374\" data-end=\"377\" \/>\u2714\ufe0f Nie pakujesz w siebie frustracji innych<br data-start=\"419\" data-end=\"422\" \/>\u2714\ufe0f Nie bierzesz odpowiedzialno\u015bci za cudze s\u0142owa<\/p>\n<p data-start=\"474\" data-end=\"507\">Zostawiasz to i\u00a0idziesz dalej.<\/p>\n<p data-start=\"514\" data-end=\"549\">\u201eHejt OFF\u201d to nie styl. To decyzja.<\/p>\n<p data-start=\"551\" data-end=\"615\">Decyzja, co wpuszczasz do \u015brodka,\u00a0co zostawiasz na zewn\u0105trz.<\/p>\n<p data-start=\"622\" data-end=\"685\">Ten plecak robi dok\u0142adnie to, co powinien:<br data-start=\"664\" data-end=\"667\" \/>nosi to, co wa\u017cne.<\/p>\n<p data-start=\"622\" data-end=\"685\">Reszta? Nie mie\u015bci si\u0119.<\/p>\n<p data-start=\"719\" data-end=\"731\">A najlepsze?<\/p>\n<p data-start=\"733\" data-end=\"803\">Nie musisz nikomu t\u0142umaczy\u0107, dlaczego masz l\u017cej.<br data-start=\"781\" data-end=\"784\" \/>Wystarczy spojrze\u0107.<\/p>\n<p data-start=\"810\" data-end=\"861\" data-is-last-node=\"\" data-is-only-node=\"\"><strong data-start=\"810\" data-end=\"824\">\u201eHejt OFF\u201d<\/strong><br data-start=\"824\" data-end=\"827\" \/>Nie wszystko trzeba ze sob\u0105 nosi\u0107.<\/p>\n<p>Materia\u0142: Poliester<\/p>\n","protected":false},"excerpt":{"rendered":"<p>Plecak \u201ehejt OFF\u201d Lekki, prosty, bez miejsca na rzeczy, kt\u00f3re nic nie wnosz\u0105. Bo nie wszystko warto ze sob\u0105 nosi\u0107.Zw\u0142aszcza cudze emocje. Ka\u017cdego dnia co\u015b pr\u00f3bujesz zabra\u0107 ze sob\u0105:opinie, komentarze, zaczepki, \u201edobre rady\u201d. Pytanie brzmi: po co? \u2714\ufe0f Nie d\u017awigasz hejtu\u2714\ufe0f Nie pakujesz w siebie frustracji innych\u2714\ufe0f Nie bierzesz odpowiedzialno\u015bci za cudze s\u0142owa Zostawiasz to&hellip;<\/p>\n","protected":false},"featured_media":37621,"template":"","meta":[],"product_brand":[],"product_cat":[188,181],"product_tag":[190,191,189],"class_list":{"0":"post-37620","1":"product","2":"type-product","3":"status-publish","4":"has-post-thumbnail","6":"product_cat-akcesoria","7":"product_cat-odziez","8":"product_tag-plecak","9":"product_tag-worek","10":"product_tag-workoplecak","11":"description-off","13":"first","14":"instock","15":"shipping-taxable","16":"purchasable","17":"product-type-simple"},"jetpack_sharing_enabled":true,"_links":{"self":[{"href":"http:\/\/hejtoff.pl\/index.php\/wp-json\/wp\/v2\/product\/37620","targetHints":{"allow":["GET"]}}],"collection":[{"href":"http:\/\/hejtoff.pl\/index.php\/wp-json\/wp\/v2\/product"}],"about":[{"href":"http:\/\/hejtoff.pl\/index.php\/wp-json\/wp\/v2\/types\/product"}],"wp:featuredmedia":[{"embeddable":true,"href":"http:\/\/hejtoff.pl\/index.php\/wp-json\/wp\/v2\/media\/37621"}],"wp:attachment":[{"href":"http:\/\/hejtoff.pl\/index.php\/wp-json\/wp\/v2\/media?parent=37620"}],"wp:term":[{"taxonomy":"product_brand","embeddable":true,"href":"http:\/\/hejtoff.pl\/index.php\/wp-json\/wp\/v2\/product_brand?post=37620"},{"taxonomy":"product_cat","embeddable":true,"href":"http:\/\/hejtoff.pl\/index.php\/wp-json\/wp\/v2\/product_cat?post=37620"},{"taxonomy":"product_tag","embeddable":true,"href":"http:\/\/hejtoff.pl\/index.php\/wp-json\/wp\/v2\/product_tag?post=37620"}],"curies":[{"name":"wp","href":"https:\/\/api.w.org\/{rel}","templated":true}]}}